ppose 0*t = 3*t - 408. Let q = t - 90. Suppose -p + 11 = -4*r, -r + q = -p + 4*p. Calculate the highest common factor of 135 and p.
15
Suppose -b + 0 = -2*c + 8, 5*c - 20 = -b. Suppose b*m - 24 = -4*m. Suppose -4*o + m + 18 = 0. Calculate the greatest common divisor of o and 18.
6
Let d(n) = 4*n**3 + 50*n**2 - 26*n + 8. Let a be d(-13). What is the greatest common divisor of a and 3?
1
Let z = 315 + -287. Calculate the highest common divisor of 28 and z.
28
Suppose -3*j + j = -5*n - 5, 18 = 4*j - 2*n. Let w(m) = -12*m + 19*m + j + 14*m. Let r be w(3). What is the greatest common divisor of r and 17?
17
Suppose 0 = -48*b + 58*b - 1650. Calculate the highest common divisor of b and 33.
33
Let m be (-38)/(-2) + -1 + -3. Let w = 7 - m. Let b = 17 + w. What is the highest common factor of 1 and b?
1
Let l(m) = m**2 + m + 11. Let v be l(-8). What is the highest common factor of v and 1273?
67
Suppose -w + 4*t + 8 = 0, -2*t = -4*t + 8. Suppose 8*o = 12*o - w. What is the highest common divisor of o and 6?
6
Let x be (1 - 2/(-2)) + 39/13. Suppose 0 = -5*z + 5*t + 145, -110 = -x*z - 7*t + 5*t. Calculate the highest common factor of 36 and z.
12
Let k(x) = x**2 - 9*x - 17. Let g be k(11). Let i be (-342)/(-30) + (-2)/g. Calculate the highest common divisor of 33 and i.
11
Let g(t) = 12*t + 381. Let k be g(-30). Let l(b) = 12*b**2 - 3. Let x be l(-3). Calculate the greatest common divisor of k and x.
21
Suppose -2*z + 6 = o - 0*z, 2*z = 4*o - 24. Let s = 718 - 706. What is the greatest common divisor of s and o?
6
Let f be -1 + 4/((-12)/585). Let g = -98 - f. What is the highest common divisor of 14 and g?
14
Let n(v) = -8*v**2 - 10*v + 1. Let q be n(-7). Let h = -68 - q. Suppose -78 = -4*s + 14. Calculate the highest common divisor of h and s.
23
Let g be (-100)/(-5)*4/5. Suppose -5*s - 77 + 315 = 2*y, 0 = 2*s - 5*y - 101. What is the highest common divisor of s and g?
16
Let x = -2 + 26. Let i(d) = d**3 - 24*d**2 + 5. Let n be i(x). Let o(j) = -j**2 + 6*j - 3. Let p be o(4). Calculate the highest common divisor of n and p.
5
Let j(s) = s**2 + 21*s + 4. Let g be j(-21). Suppose -93 = -g*b - 2*m + 417, 2*b - 270 = -4*m. What is the greatest common factor of b and 25?
25
Suppose 0 = 14*w - 12*w + 44. Suppose 8 = -2*g, -3*m + 5*g - 30 = -m. Let b = w - m. What is the greatest common divisor of 33 and b?
3
Let a = -183 - -558. Suppose -3*c + a = j, -10*j = 3*c - 11*j - 381. Let d = 19 + -5. Calculate the greatest common factor of d and c.
14
Let h be -3*(2 + -1) + 695. Suppose h + 753 = 5*x. Let t = x + -190. What is the highest common factor of t and 11?
11
Let t = -353 - -675. Calculate the highest common factor of t and 14.
14
Suppose -2*q - 6*n + 440 = -7*n, n = -4*q + 886. Calculate the greatest common divisor of q and 39.
13
Let t = 516 - 285. Suppose -3567 + 3399 = -8*u. Calculate the highest common divisor of t and u.
21
Suppose m - 2*g - 2683 = 0, -20*m + 3*g = -16*m - 10752. Calculate the greatest common factor of m and 13.
13
Suppose -r - 3*z = -15, -4*r - z + 4 + 12 = 0. Let t(x) = -7*x**2 - 46*x + 42. Let h be t(-7). Calculate the highest common factor of r and h.
3
Let h be 1/(0 - -1) - -1. Let f be (4/h)/2 - -23. Let n(y) = 2*y**3 - 4*y**2 + 4*y - 2. Let v be n(2). Calculate the highest common divisor of v and f.
6
Suppose -r = -4, -12*u = -13*u + 5*r + 50. Suppose 2*y + 4*g = 6 + 6, -52 = -5*y + g. What is the greatest common factor of u and y?
10
Let i(n) = 21*n**2 + n + 4. Let v be i(3). Suppose -15*s = -44*s + 812. Calculate the highest common divisor of v and s.
28
Suppose 4*k = 2*v + 76, -k - k = 4*v + 122. Let c be (v/20)/((-6)/15). Suppose 0 = -c*h + 10 + 62. What is the highest common divisor of h and 9?
9
Let a be ((-27)/4)/(1/((-336)/36)). What is the highest common factor of a and 1701?
63
Let s(u) = u**2 - 9*u. Let z be s(9). Suppose i + 5*i - 168 = z. What is the highest common factor of 28 and i?
28
Suppose 0 = y - 2*y + 1. Let n be 308 + (-3 - -2) + y. Let h be -14*(-14)/(-21)*-3. Calculate the highest common divisor of n and h.
28
Suppose 123 = 7*b + 67. Calculate the greatest common factor of b and 52.
4
Suppose -4*y + 437 = -v, -5*v - 565 = -5*y - 10*v. Calculate the greatest common factor of 230 and y.
10
Suppose 58*v = 279 + 3491. What is the highest common factor of 5 and v?
5
Let b = 88 - 60. Suppose -b = -3*g - g. Let h = -13 + 48. What is the greatest common divisor of h and g?
7
Let y(s) = -s**3 + 7*s**2 - 7*s + 7. Let x be y(5). Let u be -19 + 20 - 17*7. Let n = -30 - u. What is the greatest common divisor of x and n?
22
Suppose 2*u - o = 37 + 40, -u + 34 = -2*o. Calculate the greatest common factor of u and 160.
40
Let w = 8 - 5. Let z = 224 + -62. Suppose -2*r + z = 4*j, -w*j + j + 243 = 3*r. Calculate the highest common factor of r and 9.
9
Let p be (0 - 2) + (-156)/(-4 + 1). What is the greatest common divisor of 400 and p?
50
Let y(p) = 2*p**2 - 11*p - 2. Let i be y(6). Suppose -i*q - 288 = -7*q. Suppose 2*n = 5*n - 192. What is the greatest common divisor of n and q?
32
Suppose 4*w - 2*i = 66, 0 = 3*w - i - 69 + 22. Let l be (15/5)/((-2)/(-4)). Suppose -l*q + 3*q + 126 = 0. What is the greatest common factor of w and q?
14
Suppose -26 = 4*q + 6. Let n be 1 - (-4)/q*-6. Suppose -l + n = -0*l. Calculate the highest common factor of l and 8.
4
Suppose 0 = 5*j - 5*d - 45, j + 2*j - 5*d - 29 = 0. Let b be (-2)/j + (-177)/(-4). Let s = 29 + -18. Calculate the highest common divisor of s and b.
11
Let h be 2*(2 - (-9)/(-6)). Let j be (h - 0)*0/10. Suppose -2*q - 2*q = t - 12, j = 2*t + 5*q - 27. Calculate the greatest common divisor of t and 2.
2
Let t(o) = o**2 + 28*o + 21. Let y be t(-29). Calculate the greatest common factor of y and 20.
10
Let v(a) = 161*a - 1. Let y be v(1). Let x be -1*10*3/(-6). Suppose -2*b - 3*n = 2*n - 60, -140 = -3*b + x*n. What is the greatest common divisor of b and y?
40
Let q be (-8)/(-22) - 185768/(-242). Calculate the highest common factor of 6 and q.
6
Let d(q) = q**3 + 10*q**2 - 3*q - 2. Let c be d(-8). What is the greatest common divisor of 75 and c?
75
Let m(u) = -4*u**2 + 0*u**3 + 15*u + 1 - 9*u - u**3 - 7. Let t be m(-6). What is the highest common divisor of 30 and t?
30
Let w(n) be the third derivative of n**5/60 + 7*n**4/24 - n**3 + 11*n**2. Let h be w(5). Calculate the highest common divisor of h and 18.
18
Suppose r + 3*x - 1025 = -3*r, 0 = 3*x + 15. Suppose 2*l + 2*z - 152 = -0*z, -r = -3*l + 5*z. Calculate the greatest common factor of 16 and l.
16
Suppose 4*w = -0*w - i + 1765, 0 = 2*i + 6. Calculate the greatest common divisor of 34 and w.
34
Let k(c) = -20*c**3 - c. Suppose -b = 2*b + 3. Let s be k(b). Suppose 4 = 2*n - 4*z - 18, 4*n - 38 = 5*z. What is the highest common divisor of s and n?
7
Let d(p) = -36*p - 8. Let w be d(-2). Let y = w + -49. What is the highest common divisor of y and 60?
15
Suppose -19*j = -17*j - 672. What is the highest common factor of 24 and j?
24
Suppose 65*t - 43*t - 704 = 0. Calculate the greatest common divisor of 368 and t.
16
Let j be (9 - -8 - 13) + (46 - 0). Calculate the highest common divisor of j and 200.
50
Suppose -w = -0*w - 24. Suppose 4*d - 9*d = 0. Suppose -2*h = -d*h - w. Calculate the highest common factor of 3 and h.
3
Let u = 88 + 269. Calculate the highest common divisor of u and 34.
17
Let o = 5 + -3. Let s = 4 - o. Suppose 43*c + 2*l + 9 = 46*c, 2*l = -6. What is the highest common divisor of s and c?
1
Let x(i) = i**3 - 2*i**2 - 5*i - 4. Let y be x(4). Suppose y*o - 4*o = 280. Calculate the highest common divisor of o and 28.
14
Suppose -4*l = 1 + 15. Let q be 0/(8/((-16)/l)). Suppose q = 4*k - 5*i - 300 + 2, k = -4*i + 64. Calculate the highest common factor of k and 9.
9
Let w be 158 - (-3)/((-21)/(-14)). What is the greatest common factor of w and 220?
20
Suppose 4*p - 28 = -3*t, -p - p + 16 = 2*t. Suppose -3*a - 42 = -10*a. Let f be (1 - 14/a)/(4/(-6)). What is the highest common factor of f and p?
2
Suppose 59 - 83 = -4*p. Calculate the highest common factor of p and 534.
6
Let n = 50 - 73. Suppose -2*v - 2*x + 3*x = -1, 2*v - 3*x = 11. Let l = v - n. What is the greatest common factor of l and 7?
7
Suppose -5*x = d - 44, 0 = 2*x - 4*x - 4*d + 14. What is the greatest common factor of x and 54?
9
Suppose 4